{"version":"1.0","provider_name":"Esplac","provider_url":"https:\/\/www.esplac.cat\/es\/","author_name":"Comunicaci\u00f3 Esplac","author_url":"https:\/\/www.esplac.cat\/es\/author\/comunicacio\/","title":"Autoan\u00e0lisi i autoorganitzaci\u00f3 a la primera excursi\u00f3 del Kids Got Rights","type":"rich","width":600,"height":338,"html":"<blockquote class=\"wp-embedded-content\" data-secret=\"UPdOPRJP6M\"><a href=\"https:\/\/www.esplac.cat\/es\/autoanalisi-autoorganitzacio-primera-excursio-kids-got-rights\/\">Autoan\u00e0lisi i autoorganitzaci\u00f3 a la primera excursi\u00f3 del Kids Got Rights<\/a><\/blockquote><iframe sandbox=\"allow-scripts\" security=\"restricted\" src=\"https:\/\/www.esplac.cat\/es\/autoanalisi-autoorganitzacio-primera-excursio-kids-got-rights\/embed\/#?secret=UPdOPRJP6M\" width=\"600\" height=\"338\" title=\"&#8220;Autoan\u00e0lisi i autoorganitzaci\u00f3 a la primera excursi\u00f3 del Kids Got Rights&#8221; &#8212; Esplac\" data-secret=\"UPdOPRJP6M\" frameborder=\"0\" marginwidth=\"0\" marginheight=\"0\" scrolling=\"no\" class=\"wp-embedded-content\"><\/iframe><script type=\"text\/javascript\">\n\/* <![CDATA[ *\/\n\/*! This file is auto-generated *\/\n!function(d,l){\"use strict\";l.querySelector&&d.addEventListener&&\"undefined\"!=typeof URL&&(d.wp=d.wp||{},d.wp.receiveEmbedMessage||(d.wp.receiveEmbedMessage=function(e){var t=e.data;if((t||t.secret||t.message||t.value)&&!\/[^a-zA-Z0-9]\/.test(t.secret)){for(var s,r,n,a=l.querySelectorAll('iframe[data-secret=\"'+t.secret+'\"]'),o=l.querySelectorAll('blockquote[data-secret=\"'+t.secret+'\"]'),c=new RegExp(\"^https?:$\",\"i\"),i=0;i<o.length;i++)o[i].style.display=\"none\";for(i=0;i<a.length;i++)s=a[i],e.source===s.contentWindow&&(s.removeAttribute(\"style\"),\"height\"===t.message?(1e3<(r=parseInt(t.value,10))?r=1e3:~~r<200&&(r=200),s.height=r):\"link\"===t.message&&(r=new URL(s.getAttribute(\"src\")),n=new URL(t.value),c.test(n.protocol))&&n.host===r.host&&l.activeElement===s&&(d.top.location.href=t.value))}},d.addEventListener(\"message\",d.wp.receiveEmbedMessage,!1),l.addEventListener(\"DOMContentLoaded\",function(){for(var e,t,s=l.querySelectorAll(\"iframe.wp-embedded-content\"),r=0;r<s.length;r++)(t=(e=s[r]).getAttribute(\"data-secret\"))||(t=Math.random().toString(36).substring(2,12),e.src+=\"#?secret=\"+t,e.setAttribute(\"data-secret\",t)),e.contentWindow.postMessage({message:\"ready\",secret:t},\"*\")},!1)))}(window,document);\n\/* ]]> *\/\n<\/script>\n","thumbnail_url":"https:\/\/www.esplac.cat\/wp-content\/uploads\/2021\/05\/KGR.jpg","thumbnail_width":1697,"thumbnail_height":700,"description":"Aquest passat cap de setmana el grup d'infants que participen al projecte Kids Got Rights van fer la primera excursi\u00f3 del projecte! Una excursi\u00f3 de dos dies per con\u00e8ixer els drets dels infants i treballar l'autoan\u00e0lisi i l'autoorganitzaci\u00f3.\u00a0"}

Comunicació Esplac

Autoanàlisi i autoorganització a la primera excursió del Kids Got Rights

<blockquote class="wp-embedded-content" data-secret="UPdOPRJP6M"><a href="https://www.esplac.cat/es/autoanalisi-autoorganitzacio-primera-excursio-kids-got-rights/">Autoanàlisi i autoorganització a la primera excursió del Kids Got Rights</a></blockquote><iframe sandbox="allow-scripts" security="restricted" src="https://www.esplac.cat/es/autoanalisi-autoorganitzacio-primera-excursio-kids-got-rights/embed/#?secret=UPdOPRJP6M" width="600" height="338" title="&#8220;Autoanàlisi i autoorganització a la primera excursió del Kids Got Rights&#8221; &#8212; Esplac" data-secret="UPdOPRJP6M" frameborder="0" marginwidth="0" marginheight="0" scrolling="no" class="wp-embedded-content"></iframe><script type="text/javascript">
/* <![CDATA[ */
/*! This file is auto-generated */
!function(d,l){"use strict";l.querySelector&&d.addEventListener&&"undefined"!=typeof URL&&(d.wp=d.wp||{},d.wp.receiveEmbedMessage||(d.wp.receiveEmbedMessage=function(e){var t=e.data;if((t||t.secret||t.message||t.value)&&!/[^a-zA-Z0-9]/.test(t.secret)){for(var s,r,n,a=l.querySelectorAll('iframe[data-secret="'+t.secret+'"]'),o=l.querySelectorAll('blockquote[data-secret="'+t.secret+'"]'),c=new RegExp("^https?:$","i"),i=0;i<o.length;i++)o[i].style.display="none";for(i=0;i<a.length;i++)s=a[i],e.source===s.contentWindow&&(s.removeAttribute("style"),"height"===t.message?(1e3<(r=parseInt(t.value,10))?r=1e3:~~r<200&&(r=200),s.height=r):"link"===t.message&&(r=new URL(s.getAttribute("src")),n=new URL(t.value),c.test(n.protocol))&&n.host===r.host&&l.activeElement===s&&(d.top.location.href=t.value))}},d.addEventListener("message",d.wp.receiveEmbedMessage,!1),l.addEventListener("DOMContentLoaded",function(){for(var e,t,s=l.querySelectorAll("iframe.wp-embedded-content"),r=0;r<s.length;r++)(t=(e=s[r]).getAttribute("data-secret"))||(t=Math.random().toString(36).substring(2,12),e.src+="#?secret="+t,e.setAttribute("data-secret",t)),e.contentWindow.postMessage({message:"ready",secret:t},"*")},!1)))}(window,document);
/* ]]> */
</script>

Aquest passat cap de setmana el grup d'infants que participen al projecte Kids Got Rights van fer la primera excursió del projecte! Una excursió de dos dies per conèixer els drets dels infants i treballar l'autoanàlisi i l'autoorganització.
